der when a is divided by 50?
36
Let p(m) = 531*m + 4. Let t be p(1). Suppose 6*x + t = 11*x. Calculate the remainder when x is divided by 9.
8
Suppose 2*o = o. Suppose o = 4*a + 36 + 76. Let i = 47 + a. What is the remainder when i is divided by 5?
4
Let o = 338 + -265. Calculate the remainder when o is divided by 25.
23
Let b be (-2)/((8/12)/(-2)). Let g be (-135)/(-25) - b/15. Suppose g*u - 145 = -0*u. What is the remainder when u is divided by 8?
5
Let u = 1806 + -1691. Let v = 12 + 18. Calculate the remainder when u is divided by v.
25
Suppose -5 + 9 = 4*a. Let v(x) = 22*x + 1. Calculate the remainder when 90 is divided by v(a).
21
Let b(n) = -n**3 - 7*n**2 - 8*n + 5. Calculate the remainder when b(-8) is divided by 17.
14
Suppose 2*l - 5*y - 3 = 0, -2*l + 30 + 23 = 5*y. Suppose 0 = -4*k + 3*k + 3*i + 32, 5*k - 5*i - 180 = 0. Calculate the remainder when k is divided by l.
10
Suppose -596 + 172 = -5*b - 2*a, -a + 255 = 3*b. Suppose 3*g = i - 35 - 8, -5*g - b = -2*i. What is the remainder when i is divided by 11?
10
Suppose 0 = 4*h + c - 25, -3*c = -3*h - 2*h + 10. Suppose -4*g - 5*t + 55 = 0, h*g - 4*t + 2*t = 110. What is the remainder when g is divided by 12?
8
Suppose 5*u - 226 = -61. Suppose -z = -0*z - u. Let c = -99 + 108. What is the remainder when z is divided by c?
6
What is the remainder when 104 is divided by (-159)/15*(0 + 4 + -9)?
51
What is the remainder when (-44)/(-330) + 23212/60 is divided by 26?
23
Let v(p) = p**3 + 2*p**2 - 21*p - 13. What is the remainder when 269 is divided by v(-5)?
14
Let r(l) = 2*l**2 + 2*l - 2. Calculate the remainder when (6/9)/((-6)/(-666)) is divided by r(4).
36
Suppose 2*w - 7*w = -140. Calculate the remainder when (-980 - -1084) + 10/(-4)*-2 is divided by w.
25
Suppose -40 = n - 5*n - 3*s, -n + 3*s = -10. Let r(v) = -v**2 + 15*v - 7. Let w = 5 - -6. What is the remainder when r(n) is divided by w?
10
Calculate the remainder when (-532)/2*15/(-60)*18 is divided by 25.
22
Let b(a) = 51*a - 30. Let u = -136 - -139. Calculate the remainder when b(u) is divided by 31.
30
Let y(c) = -c**3 + 12*c + 6*c**2 + 6*c**2 - 8 + 2*c**2 - 6*c**2. What is the remainder when y(9) is divided by 4?
3
Suppose 6*h = 9 + 21. Suppose 23 = -h*u + 88. Calculate the remainder when u is divided by 11.
2
Let i = -16 + 27. Calculate the remainder when (-8225)/(-200) + (-2)/16 is divided by i.
8
Suppose 55 = 16*n - 11*n. What is the remainder when 120 is divided by n?
10
Suppose -g - 6*g = -49. Suppose 0 = 5*z + k - 28, -2*z + g + 12 = 3*k. Suppose 48 = c + 3*v - 68, -z*c = v - 566. What is the remainder when c is divided by 29?
26
Let h(w) = -w**3 - 3*w**2 + 16*w - 1. What is the remainder when 559 is divided by h(-6)?
9
Let s = 1425 - 1423. What is the remainder when 78 is divided by s?
0
Let h be ((-1)/(-4))/(-2*8/64). What is the remainder when 4 - (-104)/(h*(0 - 1)) is divided by 55?
53
Let n(s) = -s**3 + s**2 + 2*s + 54. Let q = -25 + 25. What is the remainder when 376 is divided by n(q)?
52
Let j(q) = -q**3 + 5*q**2 + 6*q - 4. Calculate the remainder when 138 is divided by j(-3).
38
Let v(f) = f + 16. Let w(c) = 7*c + 4. Calculate the remainder when w(5) is divided by v(4).
19
Let t be (2/6)/(7270/1455 + -5). Let r = -88 - t. What is the remainder when 25 is divided by r?
7
Let u = -1205 + 1227. Suppose 3*k + 29 - 152 = 0. What is the remainder when k is divided by u?
19
Suppose 5*y + 23 = 118. Let k = -31 + 42. What is the remainder when y is divided by k?
8
Let a = 86 + -5. Let q = 113 - a. Calculate the remainder when q is divided by 17.
15
Let g(a) = -17*a - 1. Let x be g(-1). Suppose 3*k = -k - x. What is the remainder when 26 is divided by (-4)/16 - 41/k?
6
Let a = -7 + 13. Let f = 15 + a. What is the remainder when 82*1*(-2)/(-4) is divided by f?
20
Suppose 6*h = 5*h + 34. Suppose 2*w - 13 = t - 6*t, 3*t = 3*w - 30. What is the remainder when h is divided by w?
7
Suppose 178 = 4*z - 150. Let l = -20 - -24. Suppose l*n - 5*v = 97, 0 = -n + 2*v - v + 25. What is the remainder when z is divided by n?
26
Suppose -5*w + 3*j + 553 = 0, -28*j - 448 = -4*w - 27*j. Calculate the remainder when w is divided by 39.
35
Let c(j) = 9*j - 2. What is the remainder when 108 is divided by c(4)?
6
Let x(o) = o**2 - 15*o - 66. What is the remainder when 78 is divided by x(19)?
8
Let l(d) = d**3 + 22*d**2 + 15*d - 118. What is the remainder when 93 is divided by l(-21)?
5
Suppose 0*m + 10 = 2*m. Suppose 10*q + 6 = 13*q. Suppose -3*k + q*j + 0*j = -52, -4*k - 5*j + 54 = 0. What is the remainder when k is divided by m?
1
Let w(i) = i**2 + 7*i - 10. Let t be w(7). Let q = -71 + t. What is the remainder when 97 is divided by q?
12
Suppose -q - 30 = -7*q. Suppose q*s = 26 + 19. What is the remainder when 15 is divided by s?
6
Suppose -2*d + 6*d + 72 = 0. Let v = -10 - d. Suppose 2*r - v = -2. Calculate the remainder when r is divided by 3.
0
Let c = -231 - -431. Calculate the remainder when c is divided by 63.
11
Let q(c) = c**2 - 16*c - 20. Let w be q(17). Let h = -145 + 228. What is the remainder when h is divided by 19 - 2*w/2?
17
Suppose i = 92 + 62. Suppose 0 = 79*z - 78*z - 12. Calculate the remainder when i is divided by z.
10
Suppose -4*a + 7*a - 3*i = 9, 0 = -5*a - i + 15. Suppose 0 = -a*v + 3*y + 18 + 15, -v - 1 = -4*y. What is the remainder when 73 is divided by v?
13
Suppose -20*n + 21 = -79. Suppose -3*h + 9 = -93. What is the remainder when h is divided by n?
4
What is the remainder when ((-4)/(-5))/(146/43070) is divided by 123?
113
Let f = 8 - -1. Suppose -34 = -3*h - 5*c + 19, -3*h = -4*c - 98. Calculate the remainder when h is divided by f.
8
Let w(a) = -43*a + 97. What is the remainder when w(-4) is divided by 8?
5
Let v = 262 - 238. Calculate the remainder when 84 is divided by v.
12
Let a(i) be the second derivative of -i**5/20 + i**4/12 - i**3/3 - 3*i**2 + 5*i. Calculate the remainder when a(-2) is divided by -4*(-1*2 - -1).
2
Let y be (-456)/9 - (-1)/(-3). Let j = 22 - -122. Let x = j + y. What is the remainder when x is divided by 24?
21
Suppose 2*r + 2*r - 120 = 0. Suppose 4*i + 4 - 16 = 0. Suppose i*t - r = -2*t. What is the remainder when 23 is divided by t?
5
What is the remainder when 327 is divided by ((-24)/(-96))/(5/820)?
40
Let i(l) = 2*l**3 - 5*l**2 - 15*l + 27. Calculate the remainder when 1063 is divided by i(4).
13
Let z be (-20)/(-8)*6/5. Let u be (-10)/(-15) + 481/z. Suppose 3*l = u + 13. What is the remainder when l is divided by 15?
13
Let i(r) = 10*r**2 + 5*r + 2. Let d be i(-2). Suppose -d = -m + b, -5*m + 4*m - b = -26. Let s(k) = 23*k - 1. What is the remainder when s(5) is divided by m?
27
What is the remainder when 36 is divided by (-351)/(-12) - -6 - (-10)/(-40)?
1
Calculate the remainder when 237 is divided by 4*(-1)/(-8)*96.
45
Suppose 0*g - g = 2, -3*i + 68 = 5*g. What is the remainder when 89 is divided by i?
11
Let m(i) = i**3 + 6*i**2 + 14*i + 52. Let c be m(-5). Suppose r + 2*a = 5*a - 39, -5*a + 135 = -4*r. What is the remainder when (1*c)/((-6)/r) is divided by 12?
11
Let f(i) = 4*i**2 - 6*i + 5. Suppose -10 = -7*s + 11. Suppose 3*h + 21 = 60. What is the remainder when f(s) is divided by h?
10
Let m = -239 + 352. Calculate the remainder when m is divided by 19.
18
Suppose 6 = 29*c - 27*c. Suppose 0 = -k - 4*o + 65, -c*k + 239 = k - 5*o. Let j = 43 - 27. Calculate the remainder when k is divided by j.
13
Let m = 146 + -111. What is the remainder when 102 is divided by m?
32
Let b = 16 + 46. Calculate the remainder when 185 is divided by b.
61
Suppose 6 = -3*i - v - 3, -v = -3. Let c be (-36)/i + (-1 - 2). Suppose -h - 2*q + c = -67, 4*h - q - 328 = 0. What is the remainder when h is divided by 14?
11
Let w = 528 + -520. Calculate the remainder when 18 is divided by w.
2
Suppose 17*p - 4*p = 1027. Calculate the remainder when 125 is divided by p.
46
Let z = -3 - -18. Suppose 3*w - 8 = 7. Suppose 0 = 4*f - w*f + 28. Calculate the remainder when f is divided by z.
13
Suppose -2379 = -4*o - 2283. What is the remainder when 91 is divided by o?
19
Let v = 1922 - 1833. Calculate the remainder when v is divided by 3.
2
Let i(a) = -a - 5. Let j be i(-9). Suppose 2*y - 43 = -4*c - 11, -j*c = -4*y + 52. Let q = 81 - 56. What is the remainder when q is divided by y?
11
Suppose 92*a - 19